3/6 + g - 1. Let p(t) be the first derivative of s(t). What is p(n)?
-10
Let s = -10 - -1. Let j(m) = m + 4. Calculate j(s).
-5
Let y(g) be the second derivative of -g + 0 - 1/2*g**2 + 1/6*g**3. Calculate y(-6).
-7
Let g(d) be the first derivative of d**3/3 + 3*d**2/2 + 2*d + 3. Determine g(-4).
6
Let i(q) = q**3 + 7*q**2 - 9*q - 4. Let w be i(-8). Suppose 5*s = 4*j - 2, w*j - 6*j + 10 = 2*s. Let z(u) = 4 + u + u - j. Calculate z(-2).
-3
Let a(w) = -3*w - 7. Let v(t) = t + 4. Let b(o) = -3*a(o) - 5*v(o). What is b(-2)?
-7
Let c(v) be the third derivative of -v**4/3 + v**3/6 - v**2. Suppose -t - 4 = t. Give c(t).
17
Let x(r) = r**2 + 5*r - 2. Let b = -32 - -48. Suppose 3*d + b = -d. Give x(d).
-6
Let a(k) = k**2 + 6*k + 5. Let w(h) = h**2 + 7*h + 6. Let u(o) = 5*a(o) - 4*w(o). Suppose 4*r = -3*s + 1, 2 + 2 = -s + 3*r. Calculate u(s).
0
Let v = -4 + 10. Let h = -2 + v. Let c(f) = f**3 - 3*f**2 - 3*f - 4. What is c(h)?
0
Let g be (0 - 0/1)/(-2). Let c be 9/(6/(-2)) - g. Let l(h) = h**3 + 2*h**2 - 3*h - 2. Calculate l(c).
-2
Suppose 2*j = 5*j - 21. Let z(f) = 6*f + 0*f**2 + f**2 + 8 - f**2 - f**2. What is z(j)?
1
Let i = -3 + 5. Let o(h) = 183 - 181 + 2*h + h. Calculate o(i).
8
Let y(c) = -2*c - 45. Let d be y(-23). Let z(g) = 2*g**3 + 1. Calculate z(d).
3
Let p(a) = a**2 + 9*a + 3. Let f(v) = v**2 - 12*v + 19. Let u be f(9). What is p(u)?
-5
Suppose 24 = -4*f - 4*s, -4*s = 5*f - 0*s + 30. Let c be 65/(-15) + (-2)/f. Let u(d) = d. Let t(z) = 4*z - 3. Let i(p) = -t(p) + 5*u(p). Calculate i(c).
-1
Let d = -7 + 9. Let i(w) = -4*w**2 + 3*w**d - w**2 + 3*w**2 + 6*w**3 + 1 - 2*w. Calculate i(1).
6
Let n(d) = -d**3 - 7*d**2 - 7*d - 7. Let j be (2 - (0 - 3))*18/(-15). Determine n(j).
-1
Suppose -4*d - 5*k - 60 = -9*d, 53 = 5*d + 2*k. Let p(b) = 14*b - 8. Let m(q) = -5*q + 3. Let t(u) = d*m(u) + 4*p(u). Give t(0).
1
Let a(b) be the second derivative of -b**5/20 + b**4/12 - b**3/6 - b**2 + 21*b. What is a(0)?
-2
Let y be (-60)/(-40)*(-16)/6. Let f be 17/6 + 5/30. Let x(m) = -f*m + 6*m + m**2 + m - 2. Determine x(y).
-2
Let f(i) = -i**2 - 5*i - 1. Let o be f(-4). Suppose p + o + 2 = 0. Let n(a) = -a - 4 - 1 + 0 + 6. Give n(p).
6
Let q be (1/(-3))/((-3)/117). Suppose -3*d - q = -31. Let c(u) = u + 2*u**2 + 2*u**2 + d - 5*u**2. Give c(0).
6
Let p(m) = 11*m + 12. Let q(k) = 8*k. Let z(j) = -7*j - 1. Let u(s) = 3*q(s) + 4*z(s). Let i(g) = -3*p(g) - 8*u(g). Let h = -12 + 7. Give i(h).
1
Let x(q) be the second derivative of -q**4/12 - q**3 + q**2 - 6*q. Calculate x(-9).
-25
Let q(f) = f - 8. Suppose 3*n + 3*x = 0, 0 = 3*n - 2*n - x. What is q(n)?
-8
Let w(n) be the second derivative of -n**3/6 - n**2 - 4*n. Let a = -8 + 13. Let x(z) = -1. Let h(l) = a*x(l) - 2*w(l). Give h(-1).
-3
Let d(q) = -2*q + 1. Let o(m) = m - 1. Let f(l) = -6*d(l) - 10*o(l). Suppose -5*v + 4*v - 12 = 0. Let b be (-1)/(1*(-2)/v). Give f(b).
-8
Let v(j) = 3*j. Let m(h) = 7*h - 5. Let s(n) = -7*n + 6. Let b(u) = 5*m(u) + 4*s(u). Let d(w) = -4*b(w) + 9*v(w). Give d(7).
-3
Let j(r) be the third derivative of r**7/840 - r**6/90 + r**4/24 - r**3/2 - 4*r**2. Let v(t) be the first derivative of j(t). Calculate v(4).
1
Let a be 6/8*4*-1. Let y be (1 + -3)*a/2. Let x(r) = 5*r**2 + 6*r + 4. Let j(c) = -14*c**2 - 18*c - 11. Let f(k) = -6*j(k) - 17*x(k). What is f(y)?
7
Let o(z) = 9 + 0*z - 4*z**2 - 6 + 4*z + 3*z**2. Determine o(5).
-2
Let w(g) = -2*g. Let m be w(2). Let c be -3*(m + 3) + 0. Let j(r) = 2*r + 4. Determine j(c).
10
Suppose -2*f + 4*u = 4, 8*f = 3*f + 5*u - 5. Suppose -4*v - 8 = f, -3*y - 25 = 4*v - 8. Let o be 1 + 1*y - 3. Let q(a) = -a**2 - 6*a. Give q(o).
5
Let x(u) = -4*u + 1. Let z(g) = g - 1. Let m = 7 - 12. Let j(o) = m*z(o) - x(o). Give j(3).
1
Let l(j) = j**2 - 5*j - 1. Suppose -12 = -6*i + 3*i. Determine l(i).
-5
Let z(g) = g + 1. Let a be z(3). Suppose 0 = -5*f - 1 - a. Let s be 0*f/(0 + 1). Let q(c) = -c**3 + c**2 - c + 6. Determine q(s).
6
Let g(a) = 5 + a + 0 - 1. Let k(f) = -f**3 + 7*f**2 + 2*f - 8. Let y be k(7). Let c(h) = -h**2 + 6*h - 5. Let r be c(y). Determine g(r).
-1
Let b = 3 + 1. Let n be ((-6)/b)/((-6)/8). Let v(x) = -2*x**2 + 3*x - 1. Determine v(n).
-3
Let z(o) = o + 1. Suppose -16 = 2*w - 6. Suppose -2*a + 0*a = -g + 8, g = 4. Let b = a - w. What is z(b)?
4
Let g(l) be the third derivative of -l**7/840 + 7*l**6/360 - l**5/30 - l**4/3 + l**3 + l**2. Let x(r) be the first derivative of g(r). Give x(6).
4
Let b(m) be the first derivative of -m**3/3 - 2*m**2 - 6*m + 3. What is b(-4)?
-6
Let a(y) = -y**2 + 5*y - 6. Let i(q) = -q**3 + 7*q**2 + 2*q - 10. Suppose 39 = 5*p + 4. Let r be i(p). What is a(r)?
-2
Let w(r) be the second derivative of -r**5/20 + r**4/3 - r**3/2 + r**2 - r. Let y(s) = s**2 + s. Let q be y(1). Suppose 3 = -q*n + 3*n. What is w(n)?
2
Let h(f) = 18*f**3 + 2*f**2 - 1. Suppose -8*m - 9 = -1. Calculate h(m).
-17
Let y(k) = k - 1. Let m(s) = 1. Let g(w) = -2*m(w) + y(w). Determine g(2).
-1
Let w be (-2)/(-4)*(0 + -6). Let i(h) = -1 + 2*h + 2 - 3 - h. Determine i(w).
-5
Let o(u) be the second derivative of u**4/12 - 2*u**3/3 - 4*u**2 + 3*u - 2. Determine o(6).
4
Let c = 12 - 17. Let z(v) = v + 1. Give z(c).
-4
Let p(a) = a + 2. Let o(l) = l**2 - 5*l + 6. Let b(d) = 6*d**2 - 25*d + 30. Let r(u) = 2*b(u) - 11*o(u). Let v be r(-6). What is p(v)?
2
Let y(d) = -d**3 + 2*d**2 + 2*d - 1. Let r(u) = u**3 - 12*u**2 + 2. Let z be r(12). Suppose b - 4*f + 5 = 0, 4*b + f - 8 = z*b. What is y(b)?
-4
Let t(m) = m + 2. Suppose 0 = 3*n - 2*n + 1. Let b = n - 6. Determine t(b).
-5
Let r(k) = -k**3 + k**2 - k. Let v = -5 + 9. Suppose 0*g = -v*g - 12. Let q = g - -5. What is r(q)?
-6
Let m(i) = -i**2 + 7*i - 6. Suppose 4*o + 5 = 29. What is m(o)?
0
Suppose 0*d - 3 = d, -5*x = 4*d - 8. Suppose -m = -x - 2. Let c be ((-6)/9)/(4/m). Let w(p) = 5*p**3 + p**2. Calculate w(c).
-4
Let g be (-2)/(-1) - (-1 + -2). Suppose -g*h + 4 = -1. Let o(n) = -6*n**2 + n. What is o(h)?
-5
Let m(i) be the second derivative of i**4/12 - i**3 + 3*i**2/2 - 2*i. Suppose 7*f + 4 = 8*f. What is m(f)?
-5
Let u(d) = 9 - 6 - d - 4 + 2*d - 6*d**2. Suppose 4 = 2*q + 2*q. Calculate u(q).
-6
Suppose 4*q + p - 39 - 18 = 0, -4*p + 4 = 0. Let l = q + -10. Suppose -l*c + 5 + 7 = 0. Let i(x) = -x**3 + 2*x**2 + 4*x - 4. Calculate i(c).
-1
Let h(a) = -2*a - 1. Let w be h(-2). Suppose -3*n + w + 3 = 0. Let f(t) = -4 + 6*t**n + 2 + t**3 + 5*t + 0*t. Give f(-4).
10
Let q(x) be the second derivative of x**3/6 - 5*x**2 + x. Determine q(5).
-5
Let z(o) = -1 + 0 + 0 + 2*o**2. Determine z(-2).
7
Let t = 5 + -3. Suppose -4*l + 23 = -b, t*l - 6 = -l - 3*b. Let w(n) = -3*n - 7. Let i(s) = 4*s + 10. Let u(v) = l*i(v) + 7*w(v). What is u(6)?
-5
Let m = -7 + 10. Let c(t) = -5 - m - t + 3 + 0. What is c(-4)?
-1
Suppose -g = 3*j - 16, g + 14 = 2*j + j. Let a(t) = t**2 - t - 5. Determine a(j).
15
Let i(o) = 2*o - 9. Let m(q) = 8*q + 10*q - 17*q - 5. Let v(k) = 6*i(k) - 13*m(k). What is v(0)?
11
Let j = 15 + -11. Let w(i) = 12 + i**2 - 20 - 5*i + 10. Determine w(j).
-2
Let p be ((-2)/(-4) - 7/(-14)) + 4. Let r(q) be the first derivative of -q**2/2 + 12*q - 1. Let z(y) = 1. Let v(f) = r(f) - 5*z(f). What is v(p)?
2
Let j(h) = -h**2 - 5*h - 7. Let k be (-6)/(-4) + 6/(-4). Suppose k = -2*z - z - 15. Determine j(z).
-7
Let w(l) = 6*l - 1. Suppose -p - 3*p + 4 = 0. Determine w(p).
5
Let y(d) = -3*d**2 + 2*d**2 - 2*d + 5 - 4*d. Suppose -63 = 8*u - 23. What is y(u)?
10
Let w(u) be the third derivative of u**7/210 + u**6/720 - u**5/120 + u**4/6 - 3*u**2. Let f(x) be the second derivative of w(x). Give f(1).
12
Let f(v) be the first derivative of -v**4/4 + 3*v**3 - 3*v**2 - 9*v + 24. Give f(8).
7
Let q(k) = 0 - 1 - 10*k**2 - k**3 + k - 2*k**3. Let h(v) = 8*v**3 + 29*v**2 - 3*v + 4. Let l(d) = 4*h(d) + 11*q(d). Suppose -3*a + 24 = 6. Calculate l(a).
-1
Let x(w) = -w**2. Let a(u) = 9*u**2 + 4*u - 7. Let r(y) = 3*y**2 + y - 2. Let k(m) = -4*a(m) + 11*r(m). Let d(l) = k(l) - 2*x(l). What is d(-5)?
6
Let z be (-2)/(-2 + (-6)/(-4)). Let q(m) = -m - 3. Let k be q(-5). Let l(t) = -2*t + 4 - t + k*t. Calculate l(z).
0
Let v(w) = -w - 4. Let y = 12 - 18. Let s(o) = 3*o + 12. Let t(p) = y*s(p) - 17*v(p). Give t(-4).
0
Let q(i) = i**3 - 2*i**2 - 3*i - 3. Let p be q(3). Let z(v) = -v + 3. Give z(p).
6
Let v = -6 - -21. Suppose -v + 5 = 2*q. Let n